*t(v). What is the units digit of l(12)?
8
Let t(h) = -2*h + 6. Suppose 24*d - 15 = 19*d. Let v be t(d). Suppose -b = 0, -2*o + 5*b + 97 - 7 = v. What is the tens digit of o?
4
Let p(h) = 5560*h**2 - 62*h - 22. What is the hundreds digit of p(2)?
0
Let s = 15134 - 8496. What is the thousands digit of s?
6
Suppose -4*b - 3*m = -49784 - 70510, 0 = 2*b + 4*m - 60162. What is the thousands digit of b?
0
Suppose z + 5*s - 2436 = 0, -5*z + 9668 = -s - 2434. What is the units digit of z?
1
Suppose 0 = -4*m + w + 870 + 126, -508 = -2*m + 3*w. Suppose -73 = 4*y - 93. Suppose y*c = -13 - 12, 0 = -3*j + c + m. What is the tens digit of j?
8
Suppose -1 = -k - 1. Suppose k = 4*t - 746 + 154. Suppose -u + 4*u - 144 = 3*v, -t = -3*u + v. What is the units digit of u?
0
Let n(t) = -t**3 + 10*t**2 - 45*t - 375. What is the hundreds digit of n(-17)?
1
Let d(w) = 146*w - 5. Let j be d(10). Suppose -j = -6*f - 345. What is the tens digit of f?
8
Let h(k) = -373*k - 37. Let g be h(-2). What is the tens digit of (-14 - -16)*g/2?
0
Let w(h) = 33*h**2 + 7*h - 1. Suppose 4*q + 2 = -2, 3*c - 15 = 3*q. What is the hundreds digit of w(c)?
5
Let q(a) = -11*a**3 - 27*a**2 + 8*a + 108. What is the tens digit of q(-9)?
6
Suppose 5*f - g + 46 = 0, -2*f - g - 6 - 11 = 0. Let k(d) = -2*d**3 - 15*d**2 - 14*d + 5. What is the tens digit of k(f)?
7
Let u(q) = 397*q**2 - 5*q + 2. Let m be u(-1). Suppose 2*w + 138 = 5*w. Suppose 3*v - 5*o = m, -w = 2*v + 2*o - 326. What is the tens digit of v?
3
Let g(p) = p**2 + 6 - 17 - 3*p - 17. Let x be g(7). Suppose x = -5*t + 39 + 236. What is the tens digit of t?
5
Suppose -223367 = -2*t + 12*t - 956857. What is the tens digit of t?
4
Let o(t) = -80*t**3 - t**2 - 2*t - 1. Let a be o(-1). Let p(q) = -83*q + 342. Let x be p(4). Let j = a + x. What is the tens digit of j?
9
Suppose 8*s - 383 + 1871 = 0. Let w = -112 - s. Suppose 2*g + w = p, -4*p + 4*g + 228 = -p. What is the tens digit of p?
8
Suppose j = 2*j - 3. Suppose 310 = -j*i + 4*i + d, 0 = 4*i - 3*d - 1212. What is the tens digit of i?
0
Let q be (-533 - -554)/((-4)/3 + 1). Let n(u) = 2*u**2 + 2*u + 5. Let r be n(-6). Let y = r + q. What is the units digit of y?
2
Let t(f) = -10*f**2 + 9*f - 14. Let d be t(6). Let w = -181 - d. Suppose z + 49 = w. What is the tens digit of z?
9
Let l be (-6 + (-56)/(-8))/(2/(-276)). Let c = l - -300. What is the units digit of c?
2
Let s = 2 + 5. Let r be (-14 + s)/(-7)*(-94)/(-2). Let u = r - 7. What is the tens digit of u?
4
Let r(w) = -612*w - 2. Let h be r(-2). Let t = h + -364. Suppose 8 = -10*q + t. What is the units digit of q?
5
Let n(b) = 2*b**2 + 6*b + 16. Let w be n(9). Suppose -w = -x + 4*h, 4*x - h = 4*h + 906. What is the units digit of x?
4
What is the tens digit of 1/(26/143 - (-910362)/(-5007354))?
6
Let m(y) = -y**3 + 6*y**2 - 5*y + 4. Let d be m(3). Suppose 5*j - 5 = 0, -6*j + 4 = 2*b - 2*j. Let r = b + d. What is the tens digit of r?
1
Let g be (-88)/(-12) - 1 - 4/(-6). Let z(l) = 5*l - 33. Let t be z(g). Suppose t*o - 2*a = 63 + 277, -4*o + 675 = -5*a. What is the hundreds digit of o?
1
Let i = -2739 - -1756. Let h = 1643 + i. Suppose 0 = 13*y - y - h. What is the units digit of y?
5
Let n(m) = m**3 + 92*m**2 + 283*m - 144. What is the units digit of n(-88)?
8
Suppose 0 = 4*v + 2*d - 20, 3*v = -0*v + d + 5. Let u be v/((-2 + 0)/(-8)). Suppose 465 = -u*r + 15*r. What is the units digit of r?
5
Suppose 31*h + 32*h = 33*h + 263370. What is the tens digit of h?
7
Let k(f) = 813*f**2 - 66*f - 284. What is the units digit of k(-5)?
1
Suppose -4*n + 10878 = s, -50*n + 10880 = -46*n + 2*s. What is the tens digit of n?
1
Suppose 369 = -6*g + 9*g. Suppose -2*m + g + 55 = 0. What is the tens digit of m?
8
Let g be 21658/(-13)*9/(-6). Suppose 27*c = 9759 + g. What is the hundreds digit of c?
4
Suppose f - 21 = -2*f - 2*s, -7 = -f + 4*s. Suppose 2*l - x + f = 4*l, 5*x = -2*l + 27. What is the tens digit of (-2)/4*(-123 + l)?
6
Let d(a) = 25*a + 7. Let l(c) = c**2 - 22*c + 20. Let m be l(21). Let h be m/2 - (3/6 - 5). What is the units digit of d(h)?
7
Let n = -32 + 67. Let s be (28/n)/(2/(-60)*-4). Suppose s*k = -14 + 278. What is the units digit of k?
4
Let s(f) be the second derivative of 87*f**5/10 - f**4/2 - f**3/2 + 19*f**2/2 + 68*f - 3. What is the thousands digit of s(2)?
1
Suppose -12*y - 5*t - 5850 = -13*y, 2*y = 2*t + 11676. What is the units digit of y?
5
Suppose -4 = -2*y + 2*h + 8, -5*y + 4*h = -28. Suppose 0 = y*o + 2*x - 6840, 5123 = 3*o - 9*x + 14*x. What is the thousands digit of o?
1
Let o = -909 + 33543. What is the units digit of o?
4
Let x = -45 + 109. What is the units digit of 138*((-1 - x/(-12)) + -3)?
4
Suppose -26*h + 32 = -566. Suppose 0 = h*o - 17331 - 7233. What is the units digit of o?
8
Suppose 3*x + 12 = x. Let p be 243 - (x/(-9))/(2/6). Suppose -p = -3*j - 2*b, -3*b + 83 = j - b. What is the tens digit of j?
7
Let q(p) = 22*p + 22. Suppose -z + 40 = 2*w + z, 0 = -5*z. What is the units digit of q(w)?
2
Let x = -139 + 135. What is the units digit of (-1644)/(-9)*(x - (-11)/2)?
4
Let s = -4182 - -5515. What is the thousands digit of s?
1
Let g be (-3)/9*(-51)/(-2)*-2. Suppose g*d - 16*d - 33 = 0. Let q = d - -194. What is the units digit of q?
7
Suppose 80*n - 73*n = 12824. Suppose -5*v - n = -13*v. What is the tens digit of v?
2
Suppose 248396 = 17*b + 14340. What is the units digit of b?
8
Let w(v) = 19*v**2 - 3*v + 3. Let b be w(8). Suppose -6*l - b = 569. Let k = l + 473. What is the units digit of k?
9
Suppose -7*a = 7884 - 53804. Suppose -313 - 2312 = -2*y - 3*d, 0 = 5*y + 5*d - a. What is the hundreds digit of y?
3
Suppose 8*h - 4*h - 8 = 0. Suppose h*z - 38 = 58. What is the tens digit of ((-16)/z)/(2/(-486))?
8
Suppose a - 4*v = -49, -5*a - 2*v + 3*v = 226. Let r = -39 - a. Suppose 182 = r*i - 5*i. What is the tens digit of i?
8
Suppose 4*p - 18 = 5*x, x + 5*p + 4 = 12. Let l be 4*(x/4 + (-3)/6). What is the tens digit of 37/(l/(16/(-4)))?
3
What is the hundreds digit of 24/(-96) - 188007/(-12)?
6
Suppose 0 = -18*o + o - 13350 + 118342. What is the tens digit of o?
7
Let d(v) = -4965*v + 2066. What is the tens digit of d(-14)?
7
Suppose -129*x = -9449 - 53245. What is the tens digit of x?
8
Suppose 0 = 120*q - 131*q + 231. Let u(f) = -f**2 + f + 2. Let d be u(2). Suppose 22*x - 19*x - q = d. What is the units digit of x?
7
Let b(q) = 10*q - 131. Let o be b(13). Let j(n) = -n**3 + 3*n**2 + 6*n - 6. Let c be j(4). What is the units digit of o*(c - 252) + 5?
5
Suppose 80574 = 3*u - 4*z + 3*z, 5*u = z + 134292. What is the hundreds digit of u?
8
Suppose 2*b - 3 = 4*a - 13, -4*a + 13 = -5*b. Let i be ((-195)/(-12))/(b/(-12)). Suppose 6*p = 3*p + i. What is the tens digit of p?
6
Let d = -23684 + 106741. What is the units digit of d?
7
Suppose -2*m - 9*f + 45313 = -12*f, -22656 = -m + f. What is the hundreds digit of m?
6
Let b(h) = 1877*h - 2761. What is the ten thousands digit of b(16)?
2
What is the thousands digit of (-2)/(((-286)/(-3529955))/(4/(-5)))?
9
Suppose -5*q - 10 = 0, -5*l = -0*l + 3*q + 6. Suppose l*b - 337 = -b. What is the tens digit of b?
3
Let c = 101 + -101. What is the units digit of (c - -6)*66/4?
9
Let d(u) = -2*u**3 - 2*u**2 - 7*u + 5322. What is the thousands digit of d(0)?
5
Let t(q) = -q**2 + 180*q + 269. What is the hundreds digit of t(0)?
2
Let h be 6/((-270)/(-13895)) - (-4)/18. Suppose -o + h - 44 = 0. What is the hundreds digit of o?
2
Suppose 0 = 3*s + 12*u - 14*u + 6, -s - 3*u - 2 = 0. What is the hundreds digit of 143 - (16/4 + s)?
1
Let j = 2105 + 13267. What is the hundreds digit of j?
3
Suppose -5*s + 4*i = -176444, 642*s = 647*s + 4*i - 176396. What is the ten thousands digit of s?
3
Suppose -3*a = -5*p - 1991, -p - 129 = -a + 538. Suppose 0 = -52*m + 48*m + a. What is the units digit of m?
8
Let d = 248 - 76. Suppose 3*q - 7*x = -3*x + d, 0 = -2*q - 3*x + 143. What is the units digit of q?
4
What is the units digit of (-8)/(-14) - (8479962/(-182) + (-543)/2353)?
4
Let p = -17485 + 29621. What is the ten thousands digit of p?
1
Let t be 7*((-12)/(-21))/2. Suppose -t*n = -g - 286, 6*n = 4*n + 4*g + 292. What is the hundreds digit of n?
1
Let y be (2*2/6)/((-54)/(-243)). Suppose -542 + 3099 = y*a - 4*d, 2545 = 3*a - d. What is the tens digit of a?
4
Let r(h) = 2*h**3 - 2